d(r) - 8*v(r). What is m(w)?
3
Let j be 7/(-3)*33/(154/14). Let s(t) = -5*t + 8. Calculate s(j).
43
Let h(n) = -1977*n**2 + 1988*n**2 + 9*n - 7 + 0*n + n**3. Let v be (-312)/30 + 20/50. Calculate h(v).
3
Let l(i) be the third derivative of -i**5/60 + i**3 + 2*i**2 + 67*i. Calculate l(-4).
-10
Let d(y) = -3*y - 4. Let k be 2/13 - 441/(-91). Suppose 0 = -n + 1, 17 = w - n + k. Let o be (w + -3)*2/(-5). Give d(o).
8
Suppose -100*w = -312*w + 1060. Let j(l) be the second derivative of 7*l**3/3 - 2*l**2 + l. Let b(a) = 9*a - 3. Let g(x) = 8*b(x) - 5*j(x). Calculate g(w).
6
Let k(m) = 3 + 280*m - 2 + 8 - 288*m. Calculate k(1).
1
Let z = 745 - 754. Let o be z/7*56/(-12). Let a(w) = -3*w**2 + 12*w + 2. Determine a(o).
-34
Let z(v) = v + 7. Let j be (69 - 65)*15/(-4). Calculate z(j).
-8
Let u(d) be the first derivative of -d**4/4 - 5*d**3/3 + 5*d**2/2 + 7*d - 486. Give u(-4).
-29
Let i(k) be the first derivative of -k**2/2 + 5*k + 1. Suppose -123*p = -271*p + 1036. Give i(p).
-2
Let l(v) = 3*v**2 + 194*v + 127. Let z be l(-64). Let i(w) = 5*w**2 - 22 + 22 + w + 2*w**2. Calculate i(z).
6
Let p(f) = 14*f**2 - 476*f - 12. Let n be p(34). Let o(r) = r**3 + 12*r**2 - 11*r - 29. Determine o(n).
103
Let g(k) = k**2 - 4*k - 1. Suppose -12*a = 9*a + 105. Let c be (-1)/(((-1)/a)/((-80)/100)). Give g(c).
-1
Let y(r) = 7*r - 5. Let x(b) = b - 1. Let l(w) = 3*x(w) - y(w). Let q = -81 - -82. Suppose g + 2*t = 3 + q, -t + 1 = 0. Give l(g).
-6
Let r be 2/(12/(-27))*(-10)/5. Suppose r = -3*o, -7*s = -3*s - 5*o - 35. Let z(b) = -s*b - 26 + 30 - 5*b**2 + 6*b**2. What is z(3)?
-2
Let l(q) = 6 - 8*q**2 - 7*q - 3*q**2 + 12*q**2. Let j be 4/(-6) + 6/(126/203). Determine l(j).
24
Let f(m) = 6*m**2 + 2*m**2 - 3*m**2 - 4*m**2 + 1 + 2*m - 2*m**3. Let i be (-7)/1 - (2736/(-1596))/((-4)/(-14)). Calculate f(i).
2
Let k(b) = -2*b - 12. Let u be k(-6). Suppose -4*z + u + 4 = 0. Let l(v) be the second derivative of 7*v**3/6 - v**2/2 - 2*v. Determine l(z).
6
Let y(u) = -u**2 - 6*u + 4. Let t = 178 + -352. Let l = t - -178. Give y(l).
-36
Let u(c) = -c**2 - c - 1. Let v(b) = 4*b**2 + 4*b + 7. Let n(k) = 5*u(k) + v(k). Suppose 9*i + 56 - 141 + 49 = 0. Determine n(i).
-18
Let b(m) be the third derivative of -m**5/30 + m**4/4 - m**3/6 + 413*m**2. Let x(n) = 4*n**2 + 3*n + 3. Let s be x(-1). Calculate b(s).
-9
Let x(i) = 12 - 4*i + 6*i - 7 - 13 + 4. Calculate x(-4).
-12
Let k(x) = x**3 + 23*x**2 - 26*x - 19. Suppose -888 = 74*w - 37*w. What is k(w)?
29
Let n(z) = 54 + 42 + 0*z - 2*z - 88 - 8*z. Give n(3).
-22
Let m(g) = -11*g**3 - 51*g**3 + 6 + 72*g**3 + 2*g - g**2 - 9*g**3. Give m(0).
6
Let w(q) = 3*q + 14 + 14*q**2 - 2*q - 21*q**2. Let d(p) = -9*p + 9*p + 1 - p**2 + p. Let t(r) = 6*d(r) - w(r). Calculate t(-6).
-2
Let y(q) = -3*q**3 - 3*q**2 + 2*q + 7. Let c be y(-1). Let i(u) = 12*u - 43. Calculate i(c).
17
Let f(b) = -b**3 - 4*b**2 + 2*b - 7. Let g be ((-98)/(-35))/(2/10). Suppose -k = 4*q + 17, 4*q + 18*k - 16*k + g = 0. Give f(q).
8
Suppose 0 = 6*s - 10*s - 64. Let i be (1/2)/(2/s). Let n(f) be the second derivative of -f**5/20 - f**4/4 + 5*f**3/6 + 10*f. Determine n(i).
-4
Let d = -7 + 1. Let u be (-4)/d*(-9)/(-2). Let o(n) = -3*n - 1448 + 3033 - 1581. Determine o(u).
-5
Let n be (-10)/(-4)*8/5. Let l(z) = -z**3 + 9*z**2 - z - 8. Let x = 5308 - 5303. Let f(p) = p**3 - 10*p**2 + p + 9. Let t(a) = n*f(a) + x*l(a). Give t(4).
8
Let p(d) = 36*d - 2*d - 20*d + 1 - 15. Determine p(1).
0
Let c = 5146 + -5148. Let q(j) = 5*j + 11. What is q(c)?
1
Let n(b) be the second derivative of -b**6/144 + 13*b**5/120 + 131*b**4/12 + 63*b. Let w(i) be the third derivative of n(i). Calculate w(9).
-32
Let o(x) be the third derivative of x**5/60 + 11*x**4/24 - 3*x**3 + 2561*x**2. What is o(-13)?
8
Let q(s) = 3*s**2 - 92*s + 695. Let d be q(16). Let m(x) = -21*x - 197. What is m(d)?
-8
Let x(o) be the first derivative of o**4/4 + 4*o**3 - 7*o**2/2 - 10*o + 879. Calculate x(-12).
74
Suppose 24 = 2*h - 3*w, -9*h + 4*w = -7*h - 26. Let p(x) = x**3 - 9*x**2 + 2*x - 3. Let i(d) = d**3 - 9*d**2 + 2*d - 4. Let n(q) = -4*i(q) + 3*p(q). Give n(h).
-11
Let z(x) = -121*x + 37*x + 37*x + 42*x + 8 - 24. What is z(-5)?
9
Suppose 0 = y + 2*b + 30 + 40, -320 = 4*y - 2*b. Let p = y + 82. Let d(q) = -2*q**2 + 7*q + 2. Give d(p).
-2
Let x be (56/21 - 2)/((-2)/(-6)). Let k(z) = -x*z**2 - z + 14*z + 6 - 11*z. Calculate k(5).
-34
Let d(c) = -c + 0*c - 2*c - c. Let b(m) = 17*m. Let v(l) = -b(l) - 4*d(l). Calculate v(-11).
11
Let k(s) = s - 5. Suppose 207 = r - 6*r + 212. Determine k(r).
-4
Suppose -2*b = -6*b - 3*a + 10, -3*b = 3*a - 6. Suppose 3*l = 2*q, 2*l = b*q - 2*l. Let w(c) = 17*c + 1 + q - 2. Calculate w(-1).
-18
Let f(s) be the first derivative of s**4/4 - 4*s**3/3 - 3*s**2 + 4*s + 2. Let m be f(5). Let t(n) = -5 - 2*n**2 - 3 + 16*n**3 + 0 + 13 - 4. Determine t(m).
-17
Suppose -4 = 2*j - 3*j. Let a(b) be the second derivative of -b**4/12 - b**2/2 - 4*b + 1164. Determine a(j).
-17
Let k(t) = 3*t**2 - 2*t - 5. Let q(m) = -5*m**2 + 3*m + 7. Let u be 28/(-6)*(-18)/36*3. Let w(o) = u*k(o) + 5*q(o). What is w(-3)?
-39
Let y(w) = w**3 - 7*w**2 + 5*w + 5. Let b(d) = d**3 - 6*d**2 + 7*d + 7. Let k(m) = -3*b(m) + 4*y(m). Determine k(10).
-11
Let j be (-3)/6 - 3626/148. Let k(w) = w**2 + 22*w - 24. Determine k(j).
51
Suppose -3*l = -4*y + 38, -4*y + 7*y + 15 = -5*l. Let h(z) = 7*z + 52. Determine h(l).
10
Let h be -6 + (10 + 5 - 4). Let u = -1 - -2. Let w(n) = n**3 - h*n**2 - 5*n - 2*n**3 - 4 + 0*n**3 - u. Determine w(-4).
-1
Let m(a) = 2*a**2 + 2*a + 51. Let n(b) = -3*b**2 - 3*b - 33. Let c(l) = 2*m(l) + 3*n(l). Determine c(4).
-97
Let o(k) = 2*k - k**3 + 1 - 6*k**2 + k**2 + k - 2*k + 4*k**2. Suppose -9 = 3*u + 3*j, 0 = -39*u + 41*u - 3*j - 9. Calculate o(u).
1
Let x(m) = m**2 + m - 107. Suppose 5*i = k + 118 - 123, i + 13 = -k. What is x(k)?
-17
Let l(f) = -f**2 - 4*f + 9. Let r be ((-65)/((-25)/(-5)) - -5)/(4/2). What is l(r)?
9
Let t(u) = -2*u**3 + 14*u**2 - 8*u - 20. Let j be t(6). Let x(p) = -8*p + 5. Let a(h) = 10*h - 3. Let f(o) = j*x(o) + 3*a(o). What is f(6)?
-1
Let u(a) = -60 + 14*a + 122 + 4*a - 58. What is u(-2)?
-32
Let o(s) = -127*s - 884. Let c be o(-7). Let a(b) = b - 9. Determine a(c).
-4
Let f(d) = 5*d**2 + 8 - 9*d**2 - 4*d**2 + 1 - 8*d + 9*d**2. Suppose 2*z - 6 = -0. Suppose -2*p = -5*y - 22, -p + z*y = -y - 14. Determine f(p).
-3
Let y(t) be the first derivative of -t**4/4 - 7*t**3/3 - 2*t**2 - 5*t + 1. Let d = -215 - -179. Let q = -43 - d. What is y(q)?
23
Let s(g) = -g**3 - 5*g**2 + g - 3. Let i be 48/21 - 2/7. Suppose 5*f + i*b - 8 = -38, -30 = 5*f + 5*b. What is s(f)?
27
Let v be (-4)/(1 + 3)*-2. Suppose -4*x = -b - 14, -3*b - v*x + 26 = 3*x. Suppose o = -3, -4*s - b*o - 38 = -8*s. Let m(h) = -2*h + 11. Determine m(s).
-5
Let y(h) = h**3 - 2*h**2 - h. Let c be y(-1). Let z = 113 - 111. Let u(r) = -46*r + 43*r + 1 + r**3 - 4 - z*r**2. What is u(c)?
-13
Suppose -145*p + 230 = 91*p - 478. Suppose i - 3*b + 2 + 2 = 0, -3*i + 12 = 3*b. Let h(l) = 3*l**i + 0*l**2 + 4*l - 4*l**2. Calculate h(p).
3
Suppose -3*i - 2 = 2*r, -3*r - 2*i + 5 = 18. Let u(n) = -4177*n**3 - 3*n + 3 - 2*n**2 - 6*n**2 + 4176*n**3. Give u(r).
-25
Let r be (2 - 23)/1*(-11)/33. Let t(d) = d + 0 + 2 + 1 + r. Calculate t(0).
10
Let k(a) = 4*a**2 + 2*a - 14. Let b be k(-8). Let h = b - 229. Let v(q) = 5*q - 2*q + 0*q + 3. Calculate v(h).
-6
Suppose -22*u - 20*u + 71*u + 1189 = 0. Let j(f) = -f**3 - 41*f**2 - f - 42. Give j(u).
-1
Let d(x) = -12*x - 2. Suppose 14*g - 22*g + 112 = 0. Let p be (-7)/2*8/g. Calculate d(p).
22
Suppose 0 = -14*k + 6*k + 80. Suppose -45 = -7*p - k. Let z(v) = -v + 10. Give z(p).
5
Suppose 4*r - 8 = -4*k, 160*r = 162*r + 4*k. Let x(v) = -v**2 - 2*v. What is x(r)?
-24
Let d be -2*6/12 + (2 - -3) + -2. Let s(p) = 2*p - 9. Give s(d).
-5
Let a(x) = -5*x + 3. Let d(z) = 10 + 3*z - 17*z - 18 + 17. Suppose -5*w - 8 = 12. Let k(c) = w*d(c) + 11*a(c). What is k(-4)?
-7
Let d(u) = u**3 - 212*u**2 + 399*u + 4407. Let j be d(210). Let k(v) = v + 6*v**2 - 4*v**2 + 3 + v**2. Calculate k(j).
27
Let q(j) = 4*j**3 - 3*j**3 - 3*j + 8 + 2*j**2 + 2*j**2 + 2*j**2. Suppose -1763 - 442 = 315*k. Give q(k).
-20
Let y(r) = -5*r**3 - r**2 + 3*r - 1. Let v(n) = -n**3 + 20*n**2 - 100*n + 11. Let m be v(10). Suppose 5*f + 5*z + 20 = 0, 5*f - 2*z 